{"version":"1.0","provider_name":"Actualit\u00e9s","provider_url":"https:\/\/www.peyrac.fr\/actualites","author_name":"M B","author_url":"https:\/\/www.peyrac.fr\/actualites\/author\/franck\/","title":"Des casques plus protecteurs gr\u00e2ce au micro-lattice - Actualit\u00e9s","type":"rich","width":600,"height":338,"html":"<blockquote class=\"wp-embedded-content\"><a href=\"https:\/\/www.peyrac.fr\/actualites\/des-casques-plus-protecteurs-grace-au-micro-lattice\/\">Des casques plus protecteurs gr\u00e2ce au micro-lattice<\/a><\/blockquote>\n<script type='text\/javascript'>\n<!--\/\/--><![CDATA[\/\/><!--\n\t\t\/*! This file is auto-generated *\/\n\t\t!function(c,d){\"use strict\";var e=!1,n=!1;if(d.querySelector)if(c.addEventListener)e=!0;if(c.wp=c.wp||{},!c.wp.receiveEmbedMessage)if(c.wp.receiveEmbedMessage=function(e){var t=e.data;if(t)if(t.secret||t.message||t.value)if(!\/[^a-zA-Z0-9]\/.test(t.secret)){for(var r,a,i,s=d.querySelectorAll('iframe[data-secret=\"'+t.secret+'\"]'),n=d.querySelectorAll('blockquote[data-secret=\"'+t.secret+'\"]'),o=0;o<n.length;o++)n[o].style.display=\"none\";for(o=0;o<s.length;o++)if(r=s[o],e.source===r.contentWindow){if(r.removeAttribute(\"style\"),\"height\"===t.message){if(1e3<(i=parseInt(t.value,10)))i=1e3;else if(~~i<200)i=200;r.height=i}if(\"link\"===t.message)if(a=d.createElement(\"a\"),i=d.createElement(\"a\"),a.href=r.getAttribute(\"src\"),i.href=t.value,i.host===a.host)if(d.activeElement===r)c.top.location.href=t.value}}},e)c.addEventListener(\"message\",c.wp.receiveEmbedMessage,!1),d.addEventListener(\"DOMContentLoaded\",t,!1),c.addEventListener(\"load\",t,!1);function t(){if(!n){n=!0;for(var e,t,r=-1!==navigator.appVersion.indexOf(\"MSIE 10\"),a=!!navigator.userAgent.match(\/Trident.*rv:11\\.\/),i=d.querySelectorAll(\"iframe.wp-embedded-content\"),s=0;s<i.length;s++){if(!(e=i[s]).getAttribute(\"data-secret\"))t=Math.random().toString(36).substr(2,10),e.src+=\"#?secret=\"+t,e.setAttribute(\"data-secret\",t);if(r||a)(t=e.cloneNode(!0)).removeAttribute(\"security\"),e.parentNode.replaceChild(t,e)}}}}(window,document);\n\/\/--><!]]>\n<\/script><iframe sandbox=\"allow-scripts\" security=\"restricted\" src=\"https:\/\/www.peyrac.fr\/actualites\/des-casques-plus-protecteurs-grace-au-micro-lattice\/embed\/\" width=\"600\" height=\"338\" title=\"\u00ab\u00a0Des casques plus protecteurs gr\u00e2ce au micro-lattice\u00a0\u00bb &#8212; Actualit\u00e9s\" frameborder=\"0\" marginwidth=\"0\" marginheight=\"0\" scrolling=\"no\" class=\"wp-embedded-content\"><\/iframe>","description":"&nbsp; Il est certain que les casques se sont beaucoup d\u00e9velopp\u00e9s ces derni\u00e8res ann\u00e9es, aussi bien au niveau esth\u00e9tique que technologique. Cependant, leur conception demeure fondamentalement la m\u00eame puisque aujourd\u2019hui encore c\u2019est le polystyr\u00e8ne expans\u00e9 qui permet d\u2019amortir les chocs en cas de chute. C\u2019est pourquoi des technologies innovantes commencent \u00e0 \u00e9merger peu \u00e0 peu. Un nouveau mat\u00e9riau vient de voir le jour aux Etats Unis qui certifie gr\u00e2ce \u00e0 lui d&rsquo;offrir une meilleure protection pour un poids r\u00e9duit. Ce...Lire la suite Lire la suite","thumbnail_url":"http:\/\/www.peyrac.fr\/actualites\/wp-content\/uploads\/2019\/12\/micro.png"}

Actualités

Des casques plus protecteurs grâce au micro-lattice - Actualités

<blockquote class="wp-embedded-content"><a href="https://www.peyrac.fr/actualites/des-casques-plus-protecteurs-grace-au-micro-lattice/">Des casques plus protecteurs grâce au micro-lattice</a></blockquote>
<script type='text/javascript'>
<!--//--><![CDATA[//><!--
		/*! This file is auto-generated */
		!function(c,d){"use strict";var e=!1,n=!1;if(d.querySelector)if(c.addEventListener)e=!0;if(c.wp=c.wp||{},!c.wp.receiveEmbedMessage)if(c.wp.receiveEmbedMessage=function(e){var t=e.data;if(t)if(t.secret||t.message||t.value)if(!/[^a-zA-Z0-9]/.test(t.secret)){for(var r,a,i,s=d.querySelectorAll('iframe[data-secret="'+t.secret+'"]'),n=d.querySelectorAll('blockquote[data-secret="'+t.secret+'"]'),o=0;o<n.length;o++)n[o].style.display="none";for(o=0;o<s.length;o++)if(r=s[o],e.source===r.contentWindow){if(r.removeAttribute("style"),"height"===t.message){if(1e3<(i=parseInt(t.value,10)))i=1e3;else if(~~i<200)i=200;r.height=i}if("link"===t.message)if(a=d.createElement("a"),i=d.createElement("a"),a.href=r.getAttribute("src"),i.href=t.value,i.host===a.host)if(d.activeElement===r)c.top.location.href=t.value}}},e)c.addEventListener("message",c.wp.receiveEmbedMessage,!1),d.addEventListener("DOMContentLoaded",t,!1),c.addEventListener("load",t,!1);function t(){if(!n){n=!0;for(var e,t,r=-1!==navigator.appVersion.indexOf("MSIE 10"),a=!!navigator.userAgent.match(/Trident.*rv:11\./),i=d.querySelectorAll("iframe.wp-embedded-content"),s=0;s<i.length;s++){if(!(e=i[s]).getAttribute("data-secret"))t=Math.random().toString(36).substr(2,10),e.src+="#?secret="+t,e.setAttribute("data-secret",t);if(r||a)(t=e.cloneNode(!0)).removeAttribute("security"),e.parentNode.replaceChild(t,e)}}}}(window,document);
//--><!]]>
</script><iframe sandbox="allow-scripts" security="restricted" src="https://www.peyrac.fr/actualites/des-casques-plus-protecteurs-grace-au-micro-lattice/embed/" width="600" height="338" title="« Des casques plus protecteurs grâce au micro-lattice » &#8212; Actualités" frameborder="0" marginwidth="0" marginheight="0" scrolling="no" class="wp-embedded-content"></iframe>

&nbsp; Il est certain que les casques se sont beaucoup développés ces dernières années, aussi bien au niveau esthétique que technologique. Cependant, leur conception demeure fondamentalement la même puisque aujourd’hui encore c’est le polystyrène expansé qui permet d’amortir les chocs en cas de chute. C’est pourquoi des technologies innovantes commencent à émerger peu à peu. Un nouveau matériau vient de voir le jour aux Etats Unis qui certifie grâce à lui d&rsquo;offrir une meilleure protection pour un poids réduit. Ce...Lire la suite Lire la suite
