{"version":"1.0","provider_name":"Actualit\u00e9s","provider_url":"https:\/\/www.peyrac.fr\/actualites","author_name":"M B","author_url":"https:\/\/www.peyrac.fr\/actualites\/author\/franck\/","title":"Le changement d'immatriculation n'est plus de rigueur - Actualit\u00e9s","type":"rich","width":600,"height":338,"html":"<blockquote class=\"wp-embedded-content\"><a href=\"https:\/\/www.peyrac.fr\/actualites\/le-changement-dimmatriculation-nest-plus-de-rigueur\/\">Le changement d&rsquo;immatriculation n&rsquo;est plus de rigueur<\/a><\/blockquote>\n<script type='text\/javascript'>\n<!--\/\/--><![CDATA[\/\/><!--\n\t\t\/*! This file is auto-generated *\/\n\t\t!function(c,d){\"use strict\";var e=!1,n=!1;if(d.querySelector)if(c.addEventListener)e=!0;if(c.wp=c.wp||{},!c.wp.receiveEmbedMessage)if(c.wp.receiveEmbedMessage=function(e){var t=e.data;if(t)if(t.secret||t.message||t.value)if(!\/[^a-zA-Z0-9]\/.test(t.secret)){for(var r,a,i,s=d.querySelectorAll('iframe[data-secret=\"'+t.secret+'\"]'),n=d.querySelectorAll('blockquote[data-secret=\"'+t.secret+'\"]'),o=0;o<n.length;o++)n[o].style.display=\"none\";for(o=0;o<s.length;o++)if(r=s[o],e.source===r.contentWindow){if(r.removeAttribute(\"style\"),\"height\"===t.message){if(1e3<(i=parseInt(t.value,10)))i=1e3;else if(~~i<200)i=200;r.height=i}if(\"link\"===t.message)if(a=d.createElement(\"a\"),i=d.createElement(\"a\"),a.href=r.getAttribute(\"src\"),i.href=t.value,i.host===a.host)if(d.activeElement===r)c.top.location.href=t.value}}},e)c.addEventListener(\"message\",c.wp.receiveEmbedMessage,!1),d.addEventListener(\"DOMContentLoaded\",t,!1),c.addEventListener(\"load\",t,!1);function t(){if(!n){n=!0;for(var e,t,r=-1!==navigator.appVersion.indexOf(\"MSIE 10\"),a=!!navigator.userAgent.match(\/Trident.*rv:11\\.\/),i=d.querySelectorAll(\"iframe.wp-embedded-content\"),s=0;s<i.length;s++){if(!(e=i[s]).getAttribute(\"data-secret\"))t=Math.random().toString(36).substr(2,10),e.src+=\"#?secret=\"+t,e.setAttribute(\"data-secret\",t);if(r||a)(t=e.cloneNode(!0)).removeAttribute(\"security\"),e.parentNode.replaceChild(t,e)}}}}(window,document);\n\/\/--><!]]>\n<\/script><iframe sandbox=\"allow-scripts\" security=\"restricted\" src=\"https:\/\/www.peyrac.fr\/actualites\/le-changement-dimmatriculation-nest-plus-de-rigueur\/embed\/\" width=\"600\" height=\"338\" title=\"\u00ab\u00a0Le changement d&rsquo;immatriculation n&rsquo;est plus de rigueur\u00a0\u00bb &#8212; Actualit\u00e9s\" frameborder=\"0\" marginwidth=\"0\" marginheight=\"0\" scrolling=\"no\" class=\"wp-embedded-content\"><\/iframe>","description":"L\u2019ensemble des v\u00e9hicules avaient jusqu\u2019au 31 d\u00e9cembre 2020 pour \u00a0passer au nouveau format d\u2019immatriculation en application depuis maintenant plus d\u2019une dizaine d\u2019ann\u00e9e. Cependant, cette obligation vient d\u2019\u00eatre annul\u00e9e par un d\u00e9cret datant du 9\u00a0d\u00e9cembre. En effet, l\u2019immatriculation de format \u00ab\u00a0AA-123-BB\u00a0\u00bb, bien qu\u2019attribu\u00e9e \u00e0 vie, ne sera plus obligatoire d\u00e8s 2020, peu importe la cat\u00e9gorie de v\u00e9hicule immatricul\u00e9. L\u2019annulation de cette date limite vient certainement du fait que les d\u00e9lais d\u2019attente pour ce type de d\u00e9marche ont consid\u00e9rablement augment\u00e9s. Il s\u2019agit...Lire la suite Lire la suite","thumbnail_url":"http:\/\/www.peyrac.fr\/actualites\/wp-content\/uploads\/2019\/12\/immat.png"}

Actualités

Le changement d'immatriculation n'est plus de rigueur - Actualités

<blockquote class="wp-embedded-content"><a href="https://www.peyrac.fr/actualites/le-changement-dimmatriculation-nest-plus-de-rigueur/">Le changement d&rsquo;immatriculation n&rsquo;est plus de rigueur</a></blockquote>
<script type='text/javascript'>
<!--//--><![CDATA[//><!--
		/*! This file is auto-generated */
		!function(c,d){"use strict";var e=!1,n=!1;if(d.querySelector)if(c.addEventListener)e=!0;if(c.wp=c.wp||{},!c.wp.receiveEmbedMessage)if(c.wp.receiveEmbedMessage=function(e){var t=e.data;if(t)if(t.secret||t.message||t.value)if(!/[^a-zA-Z0-9]/.test(t.secret)){for(var r,a,i,s=d.querySelectorAll('iframe[data-secret="'+t.secret+'"]'),n=d.querySelectorAll('blockquote[data-secret="'+t.secret+'"]'),o=0;o<n.length;o++)n[o].style.display="none";for(o=0;o<s.length;o++)if(r=s[o],e.source===r.contentWindow){if(r.removeAttribute("style"),"height"===t.message){if(1e3<(i=parseInt(t.value,10)))i=1e3;else if(~~i<200)i=200;r.height=i}if("link"===t.message)if(a=d.createElement("a"),i=d.createElement("a"),a.href=r.getAttribute("src"),i.href=t.value,i.host===a.host)if(d.activeElement===r)c.top.location.href=t.value}}},e)c.addEventListener("message",c.wp.receiveEmbedMessage,!1),d.addEventListener("DOMContentLoaded",t,!1),c.addEventListener("load",t,!1);function t(){if(!n){n=!0;for(var e,t,r=-1!==navigator.appVersion.indexOf("MSIE 10"),a=!!navigator.userAgent.match(/Trident.*rv:11\./),i=d.querySelectorAll("iframe.wp-embedded-content"),s=0;s<i.length;s++){if(!(e=i[s]).getAttribute("data-secret"))t=Math.random().toString(36).substr(2,10),e.src+="#?secret="+t,e.setAttribute("data-secret",t);if(r||a)(t=e.cloneNode(!0)).removeAttribute("security"),e.parentNode.replaceChild(t,e)}}}}(window,document);
//--><!]]>
</script><iframe sandbox="allow-scripts" security="restricted" src="https://www.peyrac.fr/actualites/le-changement-dimmatriculation-nest-plus-de-rigueur/embed/" width="600" height="338" title="« Le changement d&rsquo;immatriculation n&rsquo;est plus de rigueur » &#8212; Actualités" frameborder="0" marginwidth="0" marginheight="0" scrolling="no" class="wp-embedded-content"></iframe>

L’ensemble des véhicules avaient jusqu’au 31 décembre 2020 pour  passer au nouveau format d’immatriculation en application depuis maintenant plus d’une dizaine d’année. Cependant, cette obligation vient d’être annulée par un décret datant du 9 décembre. En effet, l’immatriculation de format « AA-123-BB », bien qu’attribuée à vie, ne sera plus obligatoire dès 2020, peu importe la catégorie de véhicule immatriculé. L’annulation de cette date limite vient certainement du fait que les délais d’attente pour ce type de démarche ont considérablement augmentés. Il s’agit...Lire la suite Lire la suite
