{"version":"1.0","provider_name":"Actualit\u00e9s","provider_url":"https:\/\/www.peyrac.fr\/actualites","author_name":"M B","author_url":"https:\/\/www.peyrac.fr\/actualites\/author\/franck\/","title":"Le Seat M\u00f3 eScooter bient\u00f4t en concession - Actualit\u00e9s","type":"rich","width":600,"height":338,"html":"<blockquote class=\"wp-embedded-content\"><a href=\"https:\/\/www.peyrac.fr\/actualites\/le-seat-mo-escooter-bientot-en-concession\/\">Le Seat M\u00f3 eScooter bient\u00f4t en concession<\/a><\/blockquote>\n<script type='text\/javascript'>\n<!--\/\/--><![CDATA[\/\/><!--\n\t\t\/*! This file is auto-generated *\/\n\t\t!function(c,d){\"use strict\";var e=!1,n=!1;if(d.querySelector)if(c.addEventListener)e=!0;if(c.wp=c.wp||{},!c.wp.receiveEmbedMessage)if(c.wp.receiveEmbedMessage=function(e){var t=e.data;if(t)if(t.secret||t.message||t.value)if(!\/[^a-zA-Z0-9]\/.test(t.secret)){for(var r,a,i,s=d.querySelectorAll('iframe[data-secret=\"'+t.secret+'\"]'),n=d.querySelectorAll('blockquote[data-secret=\"'+t.secret+'\"]'),o=0;o<n.length;o++)n[o].style.display=\"none\";for(o=0;o<s.length;o++)if(r=s[o],e.source===r.contentWindow){if(r.removeAttribute(\"style\"),\"height\"===t.message){if(1e3<(i=parseInt(t.value,10)))i=1e3;else if(~~i<200)i=200;r.height=i}if(\"link\"===t.message)if(a=d.createElement(\"a\"),i=d.createElement(\"a\"),a.href=r.getAttribute(\"src\"),i.href=t.value,i.host===a.host)if(d.activeElement===r)c.top.location.href=t.value}}},e)c.addEventListener(\"message\",c.wp.receiveEmbedMessage,!1),d.addEventListener(\"DOMContentLoaded\",t,!1),c.addEventListener(\"load\",t,!1);function t(){if(!n){n=!0;for(var e,t,r=-1!==navigator.appVersion.indexOf(\"MSIE 10\"),a=!!navigator.userAgent.match(\/Trident.*rv:11\\.\/),i=d.querySelectorAll(\"iframe.wp-embedded-content\"),s=0;s<i.length;s++){if(!(e=i[s]).getAttribute(\"data-secret\"))t=Math.random().toString(36).substr(2,10),e.src+=\"#?secret=\"+t,e.setAttribute(\"data-secret\",t);if(r||a)(t=e.cloneNode(!0)).removeAttribute(\"security\"),e.parentNode.replaceChild(t,e)}}}}(window,document);\n\/\/--><!]]>\n<\/script><iframe sandbox=\"allow-scripts\" security=\"restricted\" src=\"https:\/\/www.peyrac.fr\/actualites\/le-seat-mo-escooter-bientot-en-concession\/embed\/\" width=\"600\" height=\"338\" title=\"\u00ab\u00a0Le Seat M\u00f3 eScooter bient\u00f4t en concession\u00a0\u00bb &#8212; Actualit\u00e9s\" frameborder=\"0\" marginwidth=\"0\" marginheight=\"0\" scrolling=\"no\" class=\"wp-embedded-content\"><\/iframe>","description":"Disponible sur le march\u00e9 espagnol depuis fin 2020, le M\u00f3 eScooter 125 fera son arriv\u00e9e en France en juin prochain. Le premier scooter \u00e9lectrique sign\u00e9 Seat est \u00e9quip\u00e9 d\u2019un moteur \u00e9lectrique de 7&nbsp;kW lui permettant d\u2019atteindre une puissance maximale de 95km\/h. Sa batterie lithium-ion amovible de 5,6&nbsp;kWh se recharge facilement sur prise standard et poss\u00e8de une autonomie d\u2019environ 135&nbsp;km. Le M\u00f3 dispose de trois modes de conduite (city, sport et \u00e9co) ainsi que d\u2019une marche arri\u00e8re pour simplifier les man\u0153uvres...Lire la suite Lire la suite","thumbnail_url":"https:\/\/i0.wp.com\/www.peyrac.fr\/actualites\/wp-content\/uploads\/2021\/04\/seat-mo-scooter-electrique-essai-20.jpg?fit=640%2C358&amp;ssl=1"}

Actualités

Le Seat Mó eScooter bientôt en concession - Actualités

<blockquote class="wp-embedded-content"><a href="https://www.peyrac.fr/actualites/le-seat-mo-escooter-bientot-en-concession/">Le Seat Mó eScooter bientôt en concession</a></blockquote>
<script type='text/javascript'>
<!--//--><![CDATA[//><!--
		/*! This file is auto-generated */
		!function(c,d){"use strict";var e=!1,n=!1;if(d.querySelector)if(c.addEventListener)e=!0;if(c.wp=c.wp||{},!c.wp.receiveEmbedMessage)if(c.wp.receiveEmbedMessage=function(e){var t=e.data;if(t)if(t.secret||t.message||t.value)if(!/[^a-zA-Z0-9]/.test(t.secret)){for(var r,a,i,s=d.querySelectorAll('iframe[data-secret="'+t.secret+'"]'),n=d.querySelectorAll('blockquote[data-secret="'+t.secret+'"]'),o=0;o<n.length;o++)n[o].style.display="none";for(o=0;o<s.length;o++)if(r=s[o],e.source===r.contentWindow){if(r.removeAttribute("style"),"height"===t.message){if(1e3<(i=parseInt(t.value,10)))i=1e3;else if(~~i<200)i=200;r.height=i}if("link"===t.message)if(a=d.createElement("a"),i=d.createElement("a"),a.href=r.getAttribute("src"),i.href=t.value,i.host===a.host)if(d.activeElement===r)c.top.location.href=t.value}}},e)c.addEventListener("message",c.wp.receiveEmbedMessage,!1),d.addEventListener("DOMContentLoaded",t,!1),c.addEventListener("load",t,!1);function t(){if(!n){n=!0;for(var e,t,r=-1!==navigator.appVersion.indexOf("MSIE 10"),a=!!navigator.userAgent.match(/Trident.*rv:11\./),i=d.querySelectorAll("iframe.wp-embedded-content"),s=0;s<i.length;s++){if(!(e=i[s]).getAttribute("data-secret"))t=Math.random().toString(36).substr(2,10),e.src+="#?secret="+t,e.setAttribute("data-secret",t);if(r||a)(t=e.cloneNode(!0)).removeAttribute("security"),e.parentNode.replaceChild(t,e)}}}}(window,document);
//--><!]]>
</script><iframe sandbox="allow-scripts" security="restricted" src="https://www.peyrac.fr/actualites/le-seat-mo-escooter-bientot-en-concession/embed/" width="600" height="338" title="« Le Seat Mó eScooter bientôt en concession » &#8212; Actualités" frameborder="0" marginwidth="0" marginheight="0" scrolling="no" class="wp-embedded-content"></iframe>

Disponible sur le marché espagnol depuis fin 2020, le Mó eScooter 125 fera son arrivée en France en juin prochain. Le premier scooter électrique signé Seat est équipé d’un moteur électrique de 7&nbsp;kW lui permettant d’atteindre une puissance maximale de 95km/h. Sa batterie lithium-ion amovible de 5,6&nbsp;kWh se recharge facilement sur prise standard et possède une autonomie d’environ 135&nbsp;km. Le Mó dispose de trois modes de conduite (city, sport et éco) ainsi que d’une marche arrière pour simplifier les manœuvres...Lire la suite Lire la suite
